rime factors of -3 + (-9)/((-9)/58).
5, 11
Let j(l) = 2*l**2 - 5*l - 33. List the prime factors of j(8).
5, 11
Let l(n) = -n**2 - 5*n - 2. Let r = 3 - 7. What are the prime factors of l(r)?
2
What are the prime factors of 15/4 - 14/(-56)?
2
Let s be (-1)/((4/(-2))/808). Suppose -3*i + 12 = 0, 0*i - s = -5*b - i. Suppose 0 = 3*d + 2*d - b. What are the prime factors of d?
2
Let g(a) = -5 + a**2 - 13*a - a**2 - a**2 - 10. List the prime factors of g(-10).
3, 5
Let v = 303 - -28. What are the prime factors of v?
331
Suppose 4*m - 2*m = 6. Suppose c = -m*c. What are the prime factors of (-1 - -13) + (-2 - c)?
2, 5
Let s be ((-1)/2)/(2/(-12)). Let h(d) = -4*d + 7. Let m be h(-9). Suppose 5*x - 21 - m = -s*l, -2*l = 4*x - 44. What are the prime factors of l?
2, 3
Let b = 48 + -37. List the prime factors of b.
11
Let g(s) = -s**3 - 8*s**2 - 6*s + 7. Let o be g(-7). Let t be o + 5 - (4 + -2). Suppose 0*l - t*l + 36 = 0. What are the prime factors of l?
2, 3
Let z(l) = l**2 - 8*l - 6. Let d be z(8). Suppose -2*o - o - 4*k + 62 = 0, -3*o + 2*k + 50 = 0. Let t = d + o. List the prime factors of t.
2, 3
Let v be (-2)/(-4) + 28/8. Suppose -4*f + 25 - 8 = 3*o, v*f = 3*o - 1. Suppose 1 = p, 2*i + 3*p - f - 15 = 0. What are the prime factors of i?
7
Let v(q) = q**2 - 6*q - 1. Let t(w) = w**2 - 7*w - 1. Let m(i) = -3*t(i) + 4*v(i). What are the prime factors of m(-2)?
3
Let h(s) be the first derivative of s**4/4 + 5*s**3/3 + 3*s**2/2 - 1. Let r be h(-4). Let q(t) = 3*t - 6. What are the prime factors of q(r)?
2, 3
Let j = 54 + -38. List the prime factors of j.
2
Suppose 4*f + 24 = -0*f. List the prime factors of 2/(3/f - -1).
2
What are the prime factors of ((-10)/15)/(2/(-66))?
2, 11
Let q = -10 + 23. Let k = q - 5. List the prime factors of k.
2
Let s = 0 - -9. Suppose d + 7 = 2*n - 4*n, -2*n - s = 3*d. What are the prime factors of 7 + 3/(9/n)?
2, 3
Let s(x) = -x**3 - 6*x**2 + 9*x - 1. Let f be s(-8). Suppose 0*w - f = -w. Suppose -4*o - o = -w. What are the prime factors of o?
11
Let b(n) = 2*n - 9. Suppose 0 = k + 4*z - 26, 0*k - 2*z = 4*k - 34. Let w be b(k). Suppose m + w*u = 5*u + 15, 46 = 4*m - u. What are the prime factors of m?
11
Suppose 2*s - 38 = -3*k + 51, 5*k = 5*s - 160. What are the prime factors of s?
37
Let w = -10 + 75. List the prime factors of w.
5, 13
Let x(o) = -o**3 + o**2 + 4*o - 1. Let r be x(2). Let m(t) = 2*t**2 - 3*t - 3. List the prime factors of m(r).
2, 3
Suppose -2*g = -5 + 1. Let x(a) = a**3 + a**2 - 2*a - 1. What are the prime factors of x(g)?
7
Suppose 4*u = -2*k - 0*k + 10, k = 2*u - 3. Suppose 0*j - u = -j. Suppose j*v = -3*v + 45. List the prime factors of v.
3
Let o = 29 - -5. List the prime factors of o.
2, 17
Let z(v) = -v**3 - v**2 + 1. Let u(p) = -4*p**3 + 3*p**2 + 5*p + 6. Let f(q) = -u(q) + 3*z(q). List the prime factors of f(7).
11
Let o be (-5)/((-5)/2) + -17. Let h = -10 - o. Suppose 4 = 2*p - h*c - 7, 3*c = -4*p + 61. List the prime factors of p.
13
Suppose 5*h - 82 = -2*z, -4*h + 6*z - 2*z = -88. Suppose h = 5*w + 43. Let n(v) = v + 7. List the prime factors of n(w).
2
Suppose 0 = 4*m - 67 + 7. Let k = 6 + m. List the prime factors of k.
3, 7
Suppose 0 = 3*c + 4*t - 78, -2*c + 0*t = t - 47. Let l = c - 15. What are the prime factors of l?
7
Let l(x) = x**3 + 5*x**2 - 8*x - 5. Let y be l(-6). Let p = y - 3. List the prime factors of 2*6/p - -1.
2
Let c be ((-20)/6)/(4/(-6)). Suppose c*o - 5 = 5. Suppose 2*x - o*a - 24 = 0, 4*x - x - 12 = -3*a. List the prime factors of x.
2
Let u be -2 + -2 + 4 + 0. Suppose 2*p - 66 + 0 = u. Suppose 3*s + 2*s = -v - 6, -5*s - p = -2*v. List the prime factors of v.
3
Let m(x) = x**3 - x**2 + x. Let j be m(5). Suppose o = -4*o + j. What are the prime factors of o?
3, 7
Suppose a = -3*k - 2*k - 17, k = 2*a - 10. Let m(i) = 4*i**2 - 4. Let v be m(a). List the prime factors of v/(-10)*10/(-4).
2
Let k(f) = -4 + 2*f - 5*f + 5 + 2. What are the prime factors of k(-3)?
2, 3
Let o(r) = -r + 3. Let i be o(7). List the prime factors of 5*i/(40/(-14)).
7
Let r = -251 + 373. What are the prime factors of r?
2, 61
Let m(o) = o + 1. Suppose -33 = -2*g + 5*g. Let k(v) = -v - 5. Let c be k(g). List the prime factors of m(c).
7
Let p(g) = g + 3. What are the prime factors of p(11)?
2, 7
Let i(w) = w**3 + 12*w**2 - 3*w - 8. Let n be i(-12). Let h = 42 - n. List the prime factors of h.
2, 7
Let d be ((-6)/(-10))/((-2)/(-10)). What are the prime factors of 10/d + 1/(-3)?
3
Let l = -4 - -98. What are the prime factors of l?
2, 47
Let t = 4 + 1. Suppose 5*m = t*x, 5*x - 5*m - 16 = -4*m. What are the prime factors of ((-2)/x)/((-6)/156)?
13
Suppose 3*t + 5*c = 28, -6*t + c = -t. Let m(l) = 43*l**2 - l + 1. List the prime factors of m(t).
43
Let c = 1 + 2. Let u(o) = 7 + 6*o**3 - 2*o + o**2 - 5*o**c + 3*o. What are the prime factors of u(0)?
7
Suppose 4*i + 3*f - 391 = 0, -2*f = -3*i - 0*f + 306. List the prime factors of i.
2, 5
Let h be ((-2)/(-5))/(2/20). Suppose -m - 5*z - 1 = 0, h*z + z - 4 = 4*m. List the prime factors of m*9*(-4)/3.
2, 3
Let b(k) = k**2 + k - 7. What are the prime factors of b(4)?
13
What are the prime factors of 24/7*(-14)/(-4)?
2, 3
Suppose -7*t + 5*t + 84 = 0. List the prime factors of t.
2, 3, 7
Suppose s - 14 = 4. Suppose 12 = -i + 4*i. Suppose -10 = -i*l + s. What are the prime factors of l?
7
Let n be (1/(-3))/(2/30). Let s(z) = z**3 + 4*z**2 - 5*z + 5. List the prime factors of s(n).
5
Suppose 0 = -4*v - 2 + 14. Suppose v*c = 4*c - 13. Suppose -2*d - c = 5*w, -d - 9 = 6*w - 3*w. List the prime factors of d.
2, 3
Let p be (-6 + (-6)/(-3))*-16. Let h = p - 45. What are the prime factors of h?
19
Let v = -12 + 14. What are the prime factors of 3/6 + 57/v?
29
List the prime factors of 1/(30/4) + (-1496)/(-30).
2, 5
Let s = 238 + -153. Suppose -3*t - 2*j = 10 - s, 5*t = -4*j + 123. What are the prime factors of t?
3
Let z(k) = k**3 + 6*k**2 + 2*k + 9. Let n be z(-6). Let j = -18 + 12. Let v = n - j. What are the prime factors of v?
3
Let f = -6 - 0. List the prime factors of -5 + 7 - (0 + f).
2
Let t be (3/3 + 1)*-6. Let i(y) = -3*y. What are the prime factors of i(t)?
2, 3
Let l(g) be the second derivative of g**4/3 + g**3/6 + 15*g**2/2 - 2*g. Let s(r) = 2*r**2 + 8. Let w(c) = 6*l(c) - 11*s(c). List the prime factors of w(-4).
2, 5
Suppose -j + 3 = 0, -2*i + 5 = -2*j + 23. List the prime factors of (-70)/i - 48/(-36).
13
What are the prime factors of (1 - 10)/((-24)/32)?
2, 3
Let j(x) = -3 + 3*x**2 - x - 2*x**2 - 1. Let y be j(-5). Let m = y + -14. List the prime factors of m.
2, 3
Let g = 285 + -5. List the prime factors of g.
2, 5, 7
Let r = -4 + 5. Let p be r + (3 - (4 - 2)). Suppose -p*d + 2 = -d. List the prime factors of d.
2
Let a(x) = x - 3. Let h be (16/10)/((-2)/(-5)). Let f be a(h). List the prime factors of (-18)/2*(-2 + f).
3
Let i = 23 + -16. Let z = i - 3. What are the prime factors of 2 + z/(-2) - -4?
2
Suppose -f - 5*j - 42 = -3*f, 0 = 5*j + 20. Let k = 15 - f. What are the prime factors of (0 - -14) + k + -4?
2, 7
Let b be 3/5*(-15)/(-3). Let k be (b - 1)*35/10. Let u(o) = o + 2. What are the prime factors of u(k)?
3
Suppose -5*w + 35 = 5*l, -w + 3*l + 4 - 1 = 0. Suppose -w = 2*o + 6. Let n = o - -8. List the prime factors of n.
2
Suppose 3*q - 204 = -3*i, -5*q = -5*i - q + 385. What are the prime factors of i?
73
Suppose -2*c + 6 = -c. Suppose 4*y - c = 2*y. Let l = y - -3. List the prime factors of l.
2, 3
Let n(d) = -44*d + 1. Let i be n(-1). Suppose 0*t - 5*t = -i. List the prime factors of t.
3
Let a(v) be the first derivative of v**3 + 2*v**2 + 2*v + 5. Let h = -2 - 0. List the prime factors of a(h).
2, 3
Let f = 4 - 5. Let x be (-1)/2 - 5/10. What are the prime factors of (x - f) + 10 + -1?
3
Suppose -2*r + 4 + 0 = 0. Suppose 3*c - 99 = -21. Suppose 0 = 4*s - r*s - c. List the prime factors of s.
13
Suppose 3*o - n + 27 = -1, 2*o + 14 = 3*n. Let w = o + 7. List the prime factors of ((-22)/(-6))/((-1)/w).
11
Let w(z) be the third derivative of z**5/30 + z**4/24 + z**2. Let v = 60 - 59. What are the prime factors of w(v)?
3
Suppose 2*s = -5*s + 959. List the prime factors of s.
137
Let x = 151 + -53. What are the prime factors of x?
2, 7
Let q(i) = -i**2 + 7*i - 7. Let g be q(7). Let n(v) = v + 8. Let o be n(g). List the prime factors of (o*-2 -